{"id":2621,"date":"2022-02-23T14:41:29","date_gmt":"2022-02-23T14:41:29","guid":{"rendered":"https:\/\/selvazul.com.co\/?page_id=2621"},"modified":"2025-10-15T21:43:38","modified_gmt":"2025-10-15T21:43:38","slug":"pacifico","status":"publish","type":"page","link":"https:\/\/selvazul.com.co\/index.php\/pacifico\/","title":{"rendered":"DESTINOS DEL CHOC\u00d3"},"content":{"rendered":"\t\t<div data-elementor-type=\"wp-page\" data-elementor-id=\"2621\" class=\"elementor elementor-2621\">\n\t\t\t\t\t\t<section class=\"elementor-section elementor-top-section elementor-element elementor-element-ce6b585 elementor-section-boxed elementor-section-height-default elementor-section-height-default\" data-id=\"ce6b585\" data-element_type=\"section\" data-e-type=\"section\">\n\t\t\t\t\t\t<div class=\"elementor-container elementor-column-gap-default\">\n\t\t\t\t\t<div class=\"elementor-column elementor-col-100 elementor-top-column elementor-element elementor-element-aee7718\" data-id=\"aee7718\" data-element_type=\"column\" data-e-type=\"column\">\n\t\t\t<div class=\"elementor-widget-wrap elementor-element-populated\">\n\t\t\t\t\t\t<div class=\"elementor-element elementor-element-e95d034 elementor-widget elementor-widget-video\" data-id=\"e95d034\" data-element_type=\"widget\" data-e-type=\"widget\" data-settings=\"{&quot;youtube_url&quot;:&quot;https:\\\/\\\/youtu.be\\\/9z_5mKR8dNM&quot;,&quot;video_type&quot;:&quot;youtube&quot;,&quot;controls&quot;:&quot;yes&quot;}\" data-widget_type=\"video.default\">\n\t\t\t\t<div class=\"elementor-widget-container\">\n\t\t\t\t\t\t\t<div class=\"elementor-wrapper elementor-open-inline\">\n\t\t\t<div class=\"elementor-video\"><\/div>\t\t<\/div>\n\t\t\t\t\t\t<\/div>\n\t\t\t\t<\/div>\n\t\t\t\t\t<\/div>\n\t\t<\/div>\n\t\t\t\t\t<\/div>\n\t\t<\/section>\n\t\t\t\t<section class=\"elementor-section elementor-top-section elementor-element elementor-element-6b6f0d8 elementor-section-boxed elementor-section-height-default elementor-section-height-default\" data-id=\"6b6f0d8\" data-element_type=\"section\" data-e-type=\"section\">\n\t\t\t\t\t\t<div class=\"elementor-container elementor-column-gap-default\">\n\t\t\t\t\t<div class=\"elementor-column elementor-col-100 elementor-top-column elementor-element elementor-element-41f6f50\" data-id=\"41f6f50\" data-element_type=\"column\" data-e-type=\"column\">\n\t\t\t<div class=\"elementor-widget-wrap elementor-element-populated\">\n\t\t\t\t\t\t<div class=\"elementor-element elementor-element-532a28a elementor-widget elementor-widget-text-editor\" data-id=\"532a28a\" data-element_type=\"widget\" data-e-type=\"widget\" data-widget_type=\"text-editor.default\">\n\t\t\t\t<div class=\"elementor-widget-container\">\n\t\t\t\t\t\t\t\t\t<pre>El \u00fanico departamento de Colombia ba\u00f1ado por dos mares. El Caribe y el Pac\u00edfico. Su ubicaci\u00f3n lo hace uno de los destinos m\u00e1s sorprendentes y biodiversos del mundo. Quienes visitan este lugar siempre querr\u00e1n regresar.<\/pre>\t\t\t\t\t\t\t\t<\/div>\n\t\t\t\t<\/div>\n\t\t\t\t\t<\/div>\n\t\t<\/div>\n\t\t\t\t\t<\/div>\n\t\t<\/section>\n\t\t\t\t<section class=\"elementor-section elementor-top-section elementor-element elementor-element-fb4309a elementor-section-boxed elementor-section-height-default elementor-section-height-default\" data-id=\"fb4309a\" data-element_type=\"section\" data-e-type=\"section\">\n\t\t\t\t\t\t<div class=\"elementor-container elementor-column-gap-default\">\n\t\t\t\t\t<div class=\"elementor-column elementor-col-100 elementor-top-column elementor-element elementor-element-dfa0c17\" data-id=\"dfa0c17\" data-element_type=\"column\" data-e-type=\"column\">\n\t\t\t<div class=\"elementor-widget-wrap elementor-element-populated\">\n\t\t\t\t\t\t<div class=\"elementor-element elementor-element-1418fe2 animated-slow elementor-invisible elementor-widget elementor-widget-heading\" data-id=\"1418fe2\" data-element_type=\"widget\" data-e-type=\"widget\" data-settings=\"{&quot;_animation&quot;:&quot;zoomInUp&quot;}\" data-widget_type=\"heading.default\">\n\t\t\t\t<div class=\"elementor-widget-container\">\n\t\t\t\t\t<h3 class=\"elementor-heading-title elementor-size-default\">DESTINOS TURISTICOS<\/h3>\t\t\t\t<\/div>\n\t\t\t\t<\/div>\n\t\t\t\t\t<\/div>\n\t\t<\/div>\n\t\t\t\t\t<\/div>\n\t\t<\/section>\n\t\t\t\t<section class=\"elementor-section elementor-top-section elementor-element elementor-element-e67b2ab elementor-section-boxed elementor-section-height-default elementor-section-height-default\" data-id=\"e67b2ab\" data-element_type=\"section\" data-e-type=\"section\">\n\t\t\t\t\t\t<div class=\"elementor-container elementor-column-gap-default\">\n\t\t\t\t\t<div class=\"elementor-column elementor-col-33 elementor-top-column elementor-element elementor-element-c7c3dfa\" data-id=\"c7c3dfa\" data-element_type=\"column\" data-e-type=\"column\">\n\t\t\t<div class=\"elementor-widget-wrap elementor-element-populated\">\n\t\t\t\t\t\t<div class=\"elementor-element elementor-element-5d3fcc9 elementor-widget elementor-widget-image\" data-id=\"5d3fcc9\" data-element_type=\"widget\" data-e-type=\"widget\" data-widget_type=\"image.default\">\n\t\t\t\t<div class=\"elementor-widget-container\">\n\t\t\t\t\t\t\t\t\t\t\t\t\t\t\t<img fetchpriority=\"high\" decoding=\"async\" width=\"800\" height=\"600\" src=\"https:\/\/selvazul.com.co\/wp-content\/uploads\/2021\/11\/nuqui-4.jpg\" class=\"attachment-large size-large wp-image-417\" alt=\"\" srcset=\"https:\/\/selvazul.com.co\/wp-content\/uploads\/2021\/11\/nuqui-4.jpg 800w, https:\/\/selvazul.com.co\/wp-content\/uploads\/2021\/11\/nuqui-4-600x450.jpg 600w, https:\/\/selvazul.com.co\/wp-content\/uploads\/2021\/11\/nuqui-4-300x225.jpg 300w, https:\/\/selvazul.com.co\/wp-content\/uploads\/2021\/11\/nuqui-4-768x576.jpg 768w\" sizes=\"(max-width: 800px) 100vw, 800px\" \/>\t\t\t\t\t\t\t\t\t\t\t\t\t\t\t<\/div>\n\t\t\t\t<\/div>\n\t\t\t\t<div class=\"elementor-element elementor-element-260bab6 elementor-invisible elementor-widget elementor-widget-heading\" data-id=\"260bab6\" data-element_type=\"widget\" data-e-type=\"widget\" data-settings=\"{&quot;_animation&quot;:&quot;zoomInUp&quot;}\" data-widget_type=\"heading.default\">\n\t\t\t\t<div class=\"elementor-widget-container\">\n\t\t\t\t\t<h3 class=\"elementor-heading-title elementor-size-default\"><a href=\"https:\/\/selvazul.com.co\/index.php\/nuqui\/\">NUQUI<\/a><\/h3>\t\t\t\t<\/div>\n\t\t\t\t<\/div>\n\t\t\t\t<div class=\"elementor-element elementor-element-908d244 elementor-align-center elementor-widget elementor-widget-button\" data-id=\"908d244\" data-element_type=\"widget\" data-e-type=\"widget\" data-widget_type=\"button.default\">\n\t\t\t\t<div class=\"elementor-widget-container\">\n\t\t\t\t\t\t\t\t\t<div class=\"elementor-button-wrapper\">\n\t\t\t\t\t<a class=\"elementor-button elementor-button-link elementor-size-sm\" href=\"https:\/\/selvazul.com.co\/index.php\/acuali-nuqui\/\">\n\t\t\t\t\t\t<span class=\"elementor-button-content-wrapper\">\n\t\t\t\t\t\t\t\t\t<span class=\"elementor-button-text\">VER PLAN<\/span>\n\t\t\t\t\t<\/span>\n\t\t\t\t\t<\/a>\n\t\t\t\t<\/div>\n\t\t\t\t\t\t\t\t<\/div>\n\t\t\t\t<\/div>\n\t\t\t\t<div class=\"elementor-element elementor-element-8a0eca6 elementor-widget elementor-widget-google_maps\" data-id=\"8a0eca6\" data-element_type=\"widget\" data-e-type=\"widget\" data-widget_type=\"google_maps.default\">\n\t\t\t\t<div class=\"elementor-widget-container\">\n\t\t\t\t\t\t\t<div class=\"elementor-custom-embed\">\n\t\t\t<iframe loading=\"lazy\"\n\t\t\t\t\tsrc=\"https:\/\/maps.google.com\/maps?q=nUQUI&#038;t=m&#038;z=10&#038;output=embed&#038;iwloc=near\"\n\t\t\t\t\ttitle=\"nUQUI\"\n\t\t\t\t\taria-label=\"nUQUI\"\n\t\t\t><\/iframe>\n\t\t<\/div>\n\t\t\t\t\t\t<\/div>\n\t\t\t\t<\/div>\n\t\t\t\t\t<\/div>\n\t\t<\/div>\n\t\t\t\t<div class=\"elementor-column elementor-col-33 elementor-top-column elementor-element elementor-element-76687ca\" data-id=\"76687ca\" data-element_type=\"column\" data-e-type=\"column\">\n\t\t\t<div class=\"elementor-widget-wrap elementor-element-populated\">\n\t\t\t\t\t\t<div class=\"elementor-element elementor-element-2eab5cb elementor-widget elementor-widget-image\" data-id=\"2eab5cb\" data-element_type=\"widget\" data-e-type=\"widget\" data-widget_type=\"image.default\">\n\t\t\t\t<div class=\"elementor-widget-container\">\n\t\t\t\t\t\t\t\t\t\t\t\t\t\t\t<img decoding=\"async\" width=\"960\" height=\"720\" src=\"https:\/\/selvazul.com.co\/wp-content\/uploads\/2021\/12\/humpback-whale-g9175d42e3_1920-1024x768.jpg\" class=\"attachment-large size-large wp-image-1652\" alt=\"\" srcset=\"https:\/\/selvazul.com.co\/wp-content\/uploads\/2021\/12\/humpback-whale-g9175d42e3_1920-1024x768.jpg 1024w, https:\/\/selvazul.com.co\/wp-content\/uploads\/2021\/12\/humpback-whale-g9175d42e3_1920-300x225.jpg 300w, https:\/\/selvazul.com.co\/wp-content\/uploads\/2021\/12\/humpback-whale-g9175d42e3_1920-768x576.jpg 768w, https:\/\/selvazul.com.co\/wp-content\/uploads\/2021\/12\/humpback-whale-g9175d42e3_1920-1536x1152.jpg 1536w, https:\/\/selvazul.com.co\/wp-content\/uploads\/2021\/12\/humpback-whale-g9175d42e3_1920-508x381.jpg 508w, https:\/\/selvazul.com.co\/wp-content\/uploads\/2021\/12\/humpback-whale-g9175d42e3_1920-1320x990.jpg 1320w, https:\/\/selvazul.com.co\/wp-content\/uploads\/2021\/12\/humpback-whale-g9175d42e3_1920-600x450.jpg 600w, https:\/\/selvazul.com.co\/wp-content\/uploads\/2021\/12\/humpback-whale-g9175d42e3_1920.jpg 1920w\" sizes=\"(max-width: 960px) 100vw, 960px\" \/>\t\t\t\t\t\t\t\t\t\t\t\t\t\t\t<\/div>\n\t\t\t\t<\/div>\n\t\t\t\t<div class=\"elementor-element elementor-element-61e7b89 elementor-invisible elementor-widget elementor-widget-heading\" data-id=\"61e7b89\" data-element_type=\"widget\" data-e-type=\"widget\" data-settings=\"{&quot;_animation&quot;:&quot;zoomInUp&quot;}\" data-widget_type=\"heading.default\">\n\t\t\t\t<div class=\"elementor-widget-container\">\n\t\t\t\t\t<h3 class=\"elementor-heading-title elementor-size-default\"><a href=\"https:\/\/selvazul.com.co\/index.php\/bahia-solano\/\">BAHIA SOLANO<\/a><\/h3>\t\t\t\t<\/div>\n\t\t\t\t<\/div>\n\t\t\t\t<div class=\"elementor-element elementor-element-1fcd797 elementor-align-center elementor-widget elementor-widget-button\" data-id=\"1fcd797\" data-element_type=\"widget\" data-e-type=\"widget\" data-widget_type=\"button.default\">\n\t\t\t\t<div class=\"elementor-widget-container\">\n\t\t\t\t\t\t\t\t\t<div class=\"elementor-button-wrapper\">\n\t\t\t\t\t<a class=\"elementor-button elementor-button-link elementor-size-sm\" href=\"https:\/\/selvazul.com.co\/index.php\/bahia-solano\/\">\n\t\t\t\t\t\t<span class=\"elementor-button-content-wrapper\">\n\t\t\t\t\t\t\t\t\t<span class=\"elementor-button-text\">VER PLAN<\/span>\n\t\t\t\t\t<\/span>\n\t\t\t\t\t<\/a>\n\t\t\t\t<\/div>\n\t\t\t\t\t\t\t\t<\/div>\n\t\t\t\t<\/div>\n\t\t\t\t<div class=\"elementor-element elementor-element-0196bc6 elementor-widget elementor-widget-google_maps\" data-id=\"0196bc6\" data-element_type=\"widget\" data-e-type=\"widget\" data-widget_type=\"google_maps.default\">\n\t\t\t\t<div class=\"elementor-widget-container\">\n\t\t\t\t\t\t\t<div class=\"elementor-custom-embed\">\n\t\t\t<iframe loading=\"lazy\"\n\t\t\t\t\tsrc=\"https:\/\/maps.google.com\/maps?q=Bahia%20solano&#038;t=m&#038;z=10&#038;output=embed&#038;iwloc=near\"\n\t\t\t\t\ttitle=\"Bahia solano\"\n\t\t\t\t\taria-label=\"Bahia solano\"\n\t\t\t><\/iframe>\n\t\t<\/div>\n\t\t\t\t\t\t<\/div>\n\t\t\t\t<\/div>\n\t\t\t\t\t<\/div>\n\t\t<\/div>\n\t\t\t\t<div class=\"elementor-column elementor-col-33 elementor-top-column elementor-element elementor-element-5e15a5d\" data-id=\"5e15a5d\" data-element_type=\"column\" data-e-type=\"column\">\n\t\t\t<div class=\"elementor-widget-wrap elementor-element-populated\">\n\t\t\t\t\t\t<div class=\"elementor-element elementor-element-f2a8f78 elementor-widget elementor-widget-image\" data-id=\"f2a8f78\" data-element_type=\"widget\" data-e-type=\"widget\" data-widget_type=\"image.default\">\n\t\t\t\t<div class=\"elementor-widget-container\">\n\t\t\t\t\t\t\t\t\t\t\t\t\t\t\t<img decoding=\"async\" width=\"960\" height=\"720\" src=\"https:\/\/selvazul.com.co\/wp-content\/uploads\/2022\/03\/guia-practica-para-viajar-a-capurgana-sapzurro-update-2016-2017-6-1024x768.jpg\" class=\"attachment-large size-large wp-image-3170\" alt=\"\" srcset=\"https:\/\/selvazul.com.co\/wp-content\/uploads\/2022\/03\/guia-practica-para-viajar-a-capurgana-sapzurro-update-2016-2017-6-1024x768.jpg 1024w, https:\/\/selvazul.com.co\/wp-content\/uploads\/2022\/03\/guia-practica-para-viajar-a-capurgana-sapzurro-update-2016-2017-6-300x225.jpg 300w, https:\/\/selvazul.com.co\/wp-content\/uploads\/2022\/03\/guia-practica-para-viajar-a-capurgana-sapzurro-update-2016-2017-6-768x576.jpg 768w, https:\/\/selvazul.com.co\/wp-content\/uploads\/2022\/03\/guia-practica-para-viajar-a-capurgana-sapzurro-update-2016-2017-6-1140x855.jpg 1140w, https:\/\/selvazul.com.co\/wp-content\/uploads\/2022\/03\/guia-practica-para-viajar-a-capurgana-sapzurro-update-2016-2017-6.jpg 1200w\" sizes=\"(max-width: 960px) 100vw, 960px\" \/>\t\t\t\t\t\t\t\t\t\t\t\t\t\t\t<\/div>\n\t\t\t\t<\/div>\n\t\t\t\t<div class=\"elementor-element elementor-element-761c1d0 elementor-invisible elementor-widget elementor-widget-heading\" data-id=\"761c1d0\" data-element_type=\"widget\" data-e-type=\"widget\" data-settings=\"{&quot;_animation&quot;:&quot;zoomInDown&quot;}\" data-widget_type=\"heading.default\">\n\t\t\t\t<div class=\"elementor-widget-container\">\n\t\t\t\t\t<h3 class=\"elementor-heading-title elementor-size-default\"><a href=\"https:\/\/selvazul.com.co\/index.php\/capurgana\/\">CAPURGANA<\/a><\/h3>\t\t\t\t<\/div>\n\t\t\t\t<\/div>\n\t\t\t\t<div class=\"elementor-element elementor-element-ac6a3d3 elementor-align-center elementor-widget elementor-widget-button\" data-id=\"ac6a3d3\" data-element_type=\"widget\" data-e-type=\"widget\" data-widget_type=\"button.default\">\n\t\t\t\t<div class=\"elementor-widget-container\">\n\t\t\t\t\t\t\t\t\t<div class=\"elementor-button-wrapper\">\n\t\t\t\t\t<a class=\"elementor-button elementor-button-link elementor-size-sm\" href=\"\">\n\t\t\t\t\t\t<span class=\"elementor-button-content-wrapper\">\n\t\t\t\t\t\t\t\t\t<span class=\"elementor-button-text\">VER PLAN<\/span>\n\t\t\t\t\t<\/span>\n\t\t\t\t\t<\/a>\n\t\t\t\t<\/div>\n\t\t\t\t\t\t\t\t<\/div>\n\t\t\t\t<\/div>\n\t\t\t\t<div class=\"elementor-element elementor-element-2b25324 elementor-widget elementor-widget-google_maps\" data-id=\"2b25324\" data-element_type=\"widget\" data-e-type=\"widget\" data-widget_type=\"google_maps.default\">\n\t\t\t\t<div class=\"elementor-widget-container\">\n\t\t\t\t\t\t\t<div class=\"elementor-custom-embed\">\n\t\t\t<iframe loading=\"lazy\"\n\t\t\t\t\tsrc=\"https:\/\/maps.google.com\/maps?q=Capurgana&#038;t=m&#038;z=10&#038;output=embed&#038;iwloc=near\"\n\t\t\t\t\ttitle=\"Capurgana\"\n\t\t\t\t\taria-label=\"Capurgana\"\n\t\t\t><\/iframe>\n\t\t<\/div>\n\t\t\t\t\t\t<\/div>\n\t\t\t\t<\/div>\n\t\t\t\t\t<\/div>\n\t\t<\/div>\n\t\t\t\t\t<\/div>\n\t\t<\/section>\n\t\t\t\t<section class=\"elementor-section elementor-top-section elementor-element elementor-element-ea3d10e elementor-section-boxed elementor-section-height-default elementor-section-height-default\" data-id=\"ea3d10e\" data-element_type=\"section\" data-e-type=\"section\">\n\t\t\t\t\t\t<div class=\"elementor-container elementor-column-gap-default\">\n\t\t\t\t\t<div class=\"elementor-column elementor-col-100 elementor-top-column elementor-element elementor-element-70c4c81\" data-id=\"70c4c81\" data-element_type=\"column\" data-e-type=\"column\">\n\t\t\t<div class=\"elementor-widget-wrap elementor-element-populated\">\n\t\t\t\t\t\t<div class=\"elementor-element elementor-element-a5e6bf3 elementor-widget elementor-widget-heading\" data-id=\"a5e6bf3\" data-element_type=\"widget\" data-e-type=\"widget\" data-widget_type=\"heading.default\">\n\t\t\t\t<div class=\"elementor-widget-container\">\n\t\t\t\t\t<h4 class=\"elementor-heading-title elementor-size-default\">Recomendaciones para viajar al Choc\u00f3<\/h4>\t\t\t\t<\/div>\n\t\t\t\t<\/div>\n\t\t\t\t<div class=\"elementor-element elementor-element-4af7c85 elementor-widget elementor-widget-text-editor\" data-id=\"4af7c85\" data-element_type=\"widget\" data-e-type=\"widget\" data-widget_type=\"text-editor.default\">\n\t\t\t\t<div class=\"elementor-widget-container\">\n\t\t\t\t\t\t\t\t\t<pre>1. Lleva Ropa c\u00f3moda, fresca, ligera y liviana, preferiblemente de algod\u00f3n Zapatos<br \/>apropiados para caminatas por la selva, mar y r\u00edo.<br \/>2. Si es de su preferencia llevar Careta, snorkel, binoculares.<br \/>3. Un buen libro y juegos de mesa. Mantener Gel antibacterial, alcohol, bloqueador,<br \/>repelente y medicamentos prescritos por su m\u00e9dico.<br \/>4. Maleta de viaje preferiblemente debe ser morral (10k)<br \/>5. Llevar dinero de baja denominaci\u00f3n, ya que no hay cajeros electr\u00f3nicos pero si hay PAC de Bancolombia.<br \/>6. Evite llevar alimentos de origen animal que no est\u00e9n enlatados.<br \/>7. Evite sacar especies vegetales o animales de la regi\u00f3n<br \/>8. Y finalmente \u00a1No olvides ponerte gorra!<\/pre><pre><span style=\"color: #808000;\"><strong>ENTRE SELVA Y MAR<\/strong><\/span><\/pre><pre>\u00bfPor que viajar a destinos CHOC\u00d3?<br \/><span style=\"letter-spacing: 0px;\">1. Destino libre de multitudes y extensas playas sin aglomeraci\u00f3n<br \/><\/span><span style=\"letter-spacing: 0px;\">2. Se puede realizar diversas actividades<br \/><\/span><span style=\"letter-spacing: 0px;\">3. Hay termales cerca de las playas<br \/><\/span><span style=\"letter-spacing: 0px;\">4. Uno de los lugares m\u00e1s biodiversos<br \/><\/span><span style=\"letter-spacing: 0px;\">5. Se puede practicar el surf, buceo, snorkel y senderismo<br \/><\/span><span style=\"letter-spacing: 0px;\">6. Sus atardeceres son m\u00e1gicos e inolvidables<br \/><\/span><span style=\"letter-spacing: 0px;\">7. De julio a octubre las ballenas nos visitan para aparearse y criar a sus ballenatos<br \/><\/span><span style=\"letter-spacing: 0px;\">8. Se puede presenciar la liberaci\u00f3n de tortugas<br \/><\/span><span style=\"letter-spacing: 0px;\">9. Disfrutar de la desconexi\u00f3n de la ciudad y encuentro total con la naturaleza<br \/><\/span><span style=\"letter-spacing: 0px;\">10. Puedes interactuar con los nativos y disfrutar de la gastronom\u00eda t\u00edpica de la regi\u00f3n<br \/><\/span><span style=\"letter-spacing: 0px;\">11. Contamos con Hotel en Nuqu\u00ed @aculinuqui y Capurgan\u00e1 @aculiecohostal<\/span><\/pre>\t\t\t\t\t\t\t\t<\/div>\n\t\t\t\t<\/div>\n\t\t\t\t\t<\/div>\n\t\t<\/div>\n\t\t\t\t\t<\/div>\n\t\t<\/section>\n\t\t\t\t<\/div>\n\t\t","protected":false},"excerpt":{"rendered":"<p>https:\/\/youtu.be\/9z_5mKR8dNM El &uacute;nico departamento de Colombia ba&ntilde;ado por dos mares. El Caribe y el Pac&iacute;fico. Su ubicaci&oacute;n lo hace uno de los destinos m&aacute;s sorprendentes y biodiversos del mundo. Quienes visitan este lugar siempre querr&aacute;n regresar. DESTINOS TURISTICOS NUQUI VER PLAN BAHIA SOLANO VER PLAN CAPURGANA VER PLAN Recomendaciones para viajar al Choc&oacute; 1. Lleva Ropa c&oacute;moda, fresca, ligera y liviana, preferiblemente de algod&oacute;n Zapatosapropiados para caminatas por la selva, mar y r&iacute;o.2. Si es de su preferencia llevar Careta, snorkel, binoculares.3. Un buen libro y juegos de mesa. Mantener Gel antibacterial, alcohol, bloqueador,repelente y medicamentos prescritos por su m&eacute;dico.4. Maleta de viaje preferiblemente debe ser morral (10k)5. Llevar dinero de baja denominaci&oacute;n, ya que no hay cajeros electr&oacute;nicos pero si hay PAC de Bancolombia.6. Evite llevar alimentos de origen animal que no est&eacute;n enlatados.7. Evite sacar especies vegetales o animales de la regi&oacute;n8. Y finalmente &iexcl;No olvides ponerte gorra! ENTRE SELVA Y MAR &iquest;Por que viajar a destinos CHOC&Oacute;?1. Destino libre de multitudes y extensas playas sin aglomeraci&oacute;n2. Se puede realizar diversas actividades3. Hay termales cerca de las playas4. Uno de los lugares m&aacute;s biodiversos5. Se puede practicar el surf, buceo, snorkel y senderismo6. Sus atardeceres son m&aacute;gicos e inolvidables7. De julio a octubre las ballenas nos visitan para aparearse y criar a sus ballenatos8. Se puede presenciar la liberaci&oacute;n de tortugas9. Disfrutar de la desconexi&oacute;n de la ciudad y encuentro total con la naturaleza10. Puedes interactuar con los nativos y disfrutar de la gastronom&iacute;a t&iacute;pica de la regi&oacute;n11. Contamos con Hotel en Nuqu&iacute; @aculinuqui y Capurgan&aacute; @aculiecohostal<\/p>\n","protected":false},"author":1,"featured_media":0,"parent":0,"menu_order":0,"comment_status":"closed","ping_status":"closed","template":"","meta":{"footnotes":""},"class_list":["post-2621","page","type-page","status-publish","hentry"],"_links":{"self":[{"href":"https:\/\/selvazul.com.co\/index.php\/wp-json\/wp\/v2\/pages\/2621","targetHints":{"allow":["GET"]}}],"collection":[{"href":"https:\/\/selvazul.com.co\/index.php\/wp-json\/wp\/v2\/pages"}],"about":[{"href":"https:\/\/selvazul.com.co\/index.php\/wp-json\/wp\/v2\/types\/page"}],"author":[{"embeddable":true,"href":"https:\/\/selvazul.com.co\/index.php\/wp-json\/wp\/v2\/users\/1"}],"replies":[{"embeddable":true,"href":"https:\/\/selvazul.com.co\/index.php\/wp-json\/wp\/v2\/comments?post=2621"}],"version-history":[{"count":204,"href":"https:\/\/selvazul.com.co\/index.php\/wp-json\/wp\/v2\/pages\/2621\/revisions"}],"predecessor-version":[{"id":5375,"href":"https:\/\/selvazul.com.co\/index.php\/wp-json\/wp\/v2\/pages\/2621\/revisions\/5375"}],"wp:attachment":[{"href":"https:\/\/selvazul.com.co\/index.php\/wp-json\/wp\/v2\/media?parent=2621"}],"curies":[{"name":"wp","href":"https:\/\/api.w.org\/{rel}","templated":true}]}}